{"version":"1.0","type":"rich","width":"560px","height":"140px","title":"PHP 8 deixou de ter o r\u00f3tulo \u201ccompat\u00edvel com exce\u00e7\u00f5es\u201d - Com a chegada do WordPress 6.8, e aplicado retroativamente, o r\u00f3tulo \u201ccompat\u00edvel com exce\u00e7\u00f5es\u201d para o PHP 8 foi removido.","url":"https:\/\/www.wppodcast.pt\/podcast\/php-8-deixou-de-ter-o-rotulo-compativel-com-excecoes\/","author_name":"WordPress Podcast (portugu\u00eas) - Informa\u00e7\u00f5es da Comunidade WordPress","author_url":"https:\/\/www.wppodcast.pt","thumbnail_url":"https:\/\/www.wppodcast.pt\/wp-content\/uploads\/sites\/13\/2024\/05\/background.png","html":"<iframe width=\"560px\" height=\"140px\" src=\"https:\/\/www.wppodcast.pt\/podcast\/php-8-deixou-de-ter-o-rotulo-compativel-com-excecoes\/?standalonePlayer\"><\/iframe>"}

PHP 8 deixou de ter o rótulo “compatível com exceções” - Com a chegada do WordPress 6.8, e aplicado retroativamente, o rótulo “compatível com exceções” para o PHP 8 foi removido.

WordPress Podcast (português) - Informações da Comunidade WordPress
