{"version":"1.0","type":"rich","width":"560px","height":"140px","title":"WordCamp US \u00e9 esta semana - Esta semana realiza-se o WordCamp US 2025, com convidados de destaque e foco no pr\u00f3ximo lan\u00e7amento do WordPress 6.9. WordPress Day for Ecommerce anuncia primeiro orador convidado.","url":"https:\/\/www.wppodcast.pt\/podcast\/wordcamp-us-e-esta-semana\/","author_name":"WordPress Podcast (portugu\u00eas) - Informa\u00e7\u00f5es da Comunidade WordPress","author_url":"https:\/\/www.wppodcast.pt","thumbnail_url":"https:\/\/www.wppodcast.pt\/wp-content\/uploads\/sites\/13\/2024\/05\/background.png","html":"<iframe width=\"560px\" height=\"140px\" src=\"https:\/\/www.wppodcast.pt\/podcast\/wordcamp-us-e-esta-semana\/?standalonePlayer\"><\/iframe>"}

WordCamp US é esta semana - Esta semana realiza-se o WordCamp US 2025, com convidados de destaque e foco no próximo lançamento do WordPress 6.9. WordPress Day for Ecommerce anuncia primeiro orador convidado.

WordPress Podcast (português) - Informações da Comunidade WordPress
